ate r(y).
2
Let j(a) = a - 6. Suppose -15*x - 5*x = 17440. Let i = x - -877. What is j(i)?
-1
Let h(r) = 7*r**3 - 16*r**2 - 2*r + 11. Let d(t) = 8*t**3 - 15*t**2 + 10. Let a(c) = 5*d(c) - 6*h(c). Give a(11).
-5
Let k(p) = -p**3 + 18*p**2 + 20*p - 9. Let o be (1*57)/((-15)/6 - 220/(-40)). Calculate k(o).
10
Let w(r) = 2*r - 8 + 4*r - 3*r - 2*r. Let c(j) be the third derivative of j**6/60 + 7*j**5/20 - 5*j**4/12 + 17*j**3/6 - 75*j**2. Let a be c(-11). Give w(a).
-2
Let k be (3 - (-55)/(-20))*(-8)/(-2). Let q(r) = 13*r**2 - 18*r + 18. Determine q(k).
13
Let y be 2/13 + 873/2522 - (-2)/(-4). Let w(n) = 2*n**2 - 6*n + 5. Determine w(y).
5
Suppose 1 = u, -5*u = -4*w - 211 + 254. Let p(n) = n**3 - 12*n**2 + n - 9. Calculate p(w).
3
Let u(t) = 31*t - 251. Let i be u(8). Let o(q) = -q**3 - 2*q**2 + 4*q - 7. Determine o(i).
-10
Let j(b) = -10552199*b**3 - 4 + 10552200*b**3 - 5*b - b**2 + 4*b**2. Let s be (-3 - -1)*2/1. What is j(s)?
0
Let f(c) = -c**3 - 31*c**2 - 85*c - 42. Let s be f(-28). Let r(p) = -p**2 - 23*p - 121. What is r(s)?
5
Let s(k) = k**3 + 14*k**2 + 10*k - 11. Let x be s(-13). Let a(b) = 7 + x*b + b**2 - 12*b - 12*b. Calculate a(-4).
7
Let a be 47 - 46 - 8*2/1. Let u(x) = x**3 + 15*x**2 - 4*x - 46. Determine u(a).
14
Let n be -3*18 + 1/(4/(-16)). Let o = -63 - n. Let d(i) = 6 - 51*i**3 - 4*i - 6*i**2 + 26*i**3 + 24*i**3. Give d(o).
1
Let f(l) be the second derivative of l**5/20 + l**4/3 - l**3/2 - 2*l**2 - 828*l. Let n(a) = -a - 4. Let h be n(-2). Let m be 3/6 - (-9)/h. What is f(m)?
8
Let w = 829 + -825. Suppose 0 = w*z - 4*k + 28, 0 = -z + k - 2*k - 3. Let t(a) = a**2 + 2*a - 3. Calculate t(z).
12
Let z = 4 + -4. Suppose 3*x = -2*a - 2 + 16, 4*a - 16 = 0. Let j(p) = 5 + 11*p - 1 - 7*p - 5*p - p**x. What is j(z)?
4
Let n(v) = v**2 - 4*v - 4. Let q = -544 + 278. Let d = 271 + q. What is n(d)?
1
Let p(r) = r**3 - 5*r**2 + 4*r - 3. Let s(g) = -g - 33. Suppose 3*a + 28 + 83 = 0. Let w be s(a). Give p(w).
-3
Let c = 3/1343 - -3969/26860. Let u(w) be the second derivative of c*w**5 + 0*w**3 + 0*w**2 + 0*w**4 + 12*w + 0. Determine u(1).
3
Let p be 4/(((-42)/10 - -4)*-10). Let n(g) = 4*g**p - 118*g**3 + 2*g**2 + g - 3*g**2 + 59*g**3 + 60*g**3. Let b be (-6 - -3)*(1 + 0). Determine n(b).
-3
Let f(l) be the first derivative of -2*l**3/3 + 17*l**2 + 6*l - 59. Let g be f(17). Let r(k) = -k - k**3 + 2 + k + 6*k**2. Give r(g).
2
Let x(q) = -51 - 22 + 32 + 1 - 12*q - q. Calculate x(0).
-40
Let k(i) = 45*i + 218. Let j(o) = 10*o + 165. Let a be j(-17). Determine k(a).
-7
Suppose 4*y = 4*k + 9*y - 15, -k + 5*y - 15 = 0. Let w(s) = -3 - 4*s**3 + 3*s**3 - 36*s**2 + k + 44*s**2. Let f = -13 - -21. Determine w(f).
-3
Let c(r) = -23*r + 296. Let z be c(33). Let d = -468 - z. Let a(s) = -3*s + 2*s**2 - 3*s**2 - 3*s. Give a(d).
5
Let v(p) = 13*p - 28. Let n be (-20 - 150/(-12)) + (-1)/2. Determine v(n).
-132
Let i(b) = 8*b + 2*b + 833644 - 833642. What is i(-13)?
-128
Let u(f) = 22*f - 13. Let j be u(2). Let l be 4/(-3)*186/j. Let y(m) = -m - 9. What is y(l)?
-1
Let d(c) = 0*c**3 - c**3 - 43*c - 11 - 3*c**2 - 14*c + 54*c. Calculate d(-3).
-2
Suppose 4*y - 3*g = 254, 11*g = 5*y + 14*g - 331. Suppose y*h - 81 = 56*h. Let k(f) = f - 3. What is k(h)?
6
Let p(y) = -5*y**2 - y + 4. Let q(a) = 2. Let t(b) = 6*b**2 + b - 16. Let c(d) = 6*q(d) + t(d). Let z(w) = -4*c(w) - 5*p(w). What is z(0)?
-4
Let c(u) = 13*u**2 - 10*u + 245. Let p(s) = 15*s**2 - 11*s + 287. Let a(l) = 7*c(l) - 6*p(l). Calculate a(3).
-10
Let c = -286 - -351. Let y(g) = 1 - 1 - c*g + 72*g. What is y(-2)?
-14
Let p(k) = -k**3 - k**2 + k. Suppose -3714*m = -3713*m - 1. Determine p(m).
-1
Let k(w) = 4955*w**2 + 4943*w**2 - 9904*w**2 - 1 + 9*w. Determine k(2).
-7
Let c(v) = -23*v - 163. Let p(q) = -8*q - 56. Let u(i) = 4*c(i) - 11*p(i). Give u(-18).
36
Let j(f) = 11*f + 141. Let r(b) = -78*b - 976. Let k(s) = -15*j(s) - 2*r(s). What is k(-19)?
8
Let x be 26 - (46 + (-442)/26). Let j(v) be the second derivative of 7*v**3/6 + v**2/2 + 2*v. Determine j(x).
-20
Let k(a) = a + 19. Let p be (10 - 1)/((-18)/12)*-1. Suppose -98 = p*y - 20. What is k(y)?
6
Let o(f) = -f**2 - 12*f - 10. Let s(a) = 2*a**2 + 23*a + 20. Let z(x) = -5*o(x) - 3*s(x). Suppose -5*n + k + 36 = -8*n, -5*k = 4*n + 81. Determine z(n).
-10
Let c be (1 - 2)*5 - 0. Let r(g) be the third derivative of 0 + 0*g - 5/24*g**4 + 0*g**3 - 74*g**2 - 1/60*g**5. Give r(c).
0
Let c(a) = a - 3. Let p(h) = -h**2 - 14*h + 38. Let f be p(-18). Let k = f + 38. Determine c(k).
1
Let w(q) be the first derivative of q**4/4 - 8*q**3/3 - 9*q**2/2 + 5*q - 721. Calculate w(9).
5
Let j(g) = -g - 1. Let a(y) = -y**2 + 9*y - 9. Let s be a(3). Suppose s = -349*p + 352*p. Calculate j(p).
-4
Let y = -37 + 39. Let i(k) = -6 + 1 - y*k - 6 + 0*k. Let o be i(-8). Let g(t) = t**2 - 7*t - 4. What is g(o)?
-14
Let m(t) = -3*t**2 + 8*t + 4. Let v be ((-840)/20 - -54)/((-2)/((-4)/6)). Calculate m(v).
-12
Let b(k) = 3*k**2 + 15*k**3 - 36*k**3 + 20*k**3 + 4*k**2 - 6. Give b(9).
-168
Let b(j) = -18*j - 20. Let x be b(-6). Let t = x + -86. Let f(u) = -2 + 9*u**t - 10 + u**3 + 11 - u. Give f(-9).
8
Suppose -42*v - 2178 = -2430. Let y(z) = -z**3 + 7*z**2 - 7*z. Let m(n) = 1. Let q(g) = 1. Let c(s) = 5*m(s) - 4*q(s). Let j(a) = -6*c(a) - y(a). Give j(v).
0
Let s(o) = -3162 + 1582 + 1587. Let b(k) = 2*k**2 + k + 23. Let m(y) = -b(y) + 3*s(y). Determine m(3).
-23
Let j(d) = -20*d**3 - d**2 - 2*d. Let q be (-81)/54 - (-4)/8. Determine j(q).
21
Let l(q) = 12*q**2 + 2*q - 7. Let c(m) = -17*m**2 - 3*m + 11. Let i(z) = -5*c(z) - 7*l(z). Determine i(-3).
0
Let y(u) be the second derivative of u**5/20 - 17*u**4/12 - 17*u**3/6 - 33*u**2/2 + 598*u. Give y(18).
-15
Let x = 2087 - 2084. Let f(g) be the first derivative of -g**2/2 + 2*g + 22. Give f(x).
-1
Let f(i) = -i**3 - 7*i**2 - 9*i + 1. Suppose 0 = -4*t + 6*w - w - 1, 0 = 2*t - 4*w + 8. Suppose t*p + 83 - 53 = 0. What is f(p)?
-4
Suppose -39*n + 6443 = -22*n. Let r = 382 - n. Let a(j) = j**2 - 4. Give a(r).
5
Let w(l) = 15*l - 63. Let g(u) = -2*u + 9. Let c(m) = -42*g(m) - 6*w(m). Suppose -5 = -x - 4. Determine c(x).
-6
Let m(y) = 45*y**2. Let w be m(1). Suppose -p + 5*o + 29 = 0, 9*p - 5*o = 4*p + w. Let f(z) = -2*z + 1. Determine f(p).
-7
Suppose 71*x + 31*x - 171 = 33. Let r(a) = 9*a**3 + 2*a**2 - 2*a + 3. Calculate r(x).
79
Let k be (-6 + (-402)/(-30) + -7)/((-1)/(-5)). Let y(v) be the first derivative of 31 - k*v - v**2 - 1/3*v**3. Give y(-3).
-5
Let q(i) = 2*i**3 + 14*i**2 - i - 5. Let d be q(-7). Suppose 5*o = d*o + 6. Let c(f) = 565 - 573 + o*f - 3*f. Calculate c(-5).
-3
Let g(n) = -36*n**2 - 25*n - 103. Let i(z) = -43*z**2 - 26*z - 105. Let k(u) = -6*g(u) + 5*i(u). Determine k(-8).
-3
Let k(f) = 4*f**3 - 9*f**2 + 5*f - 5. Suppose 0 = -3*q + 3, 4*q + 16 = -a - 3*a. Let b(z) = 3*z**3 - 8*z**2 + 4*z - 4. Let w(j) = a*b(j) + 4*k(j). Give w(-4).
0
Let w(b) = -b**2 + 2*b - 6. Let h(l) = l**2 - l + 4. Let s(v) = -8*h(v) - 5*w(v). Let y(x) = 2*x**2 - 33*x + 134. Let t be y(8). Determine s(t).
-10
Let y = 353 - 353. Let r(f) = -4*f - 30 - 5*f**2 + f**3 + 3*f + 29 + y*f. Determine r(3).
-22
Let c be (-1)/2 - (-3)/(-2). Let u = 5 - c. Let d(m) = -78*m - 16 - 32*m + 50*m + 3 + 61*m. Calculate d(u).
-6
Let a(z) be the first derivative of -17*z**2/2 - 19*z + 366. What is a(4)?
-87
Let r(d) = -5*d**2 - 10*d - 16. Let a(i) = 37*i - 1186. Let o be a(32). Calculate r(o).
-16
Let o(u) be the third derivative of -u**4/12 - 5*u**3/3 + 231*u**2. Let q = 4 - -1. Suppose q*m - p + 41 = 0, -5*m + 2*p + 3*p - 45 = 0. Determine o(m).
6
Let f(m) = 3*m**2 - 21*m - 7. Let l(q) = 16*q**2 - 106*q - 48. Let j(t) = -11*f(t) + 2*l(t). Give j(15).
41
Let k(s) be the first derivative of s**4/4 - 2*s**3/3 - 2*s**2 + 2*s + 27. Let p be 2 - (2 + 16/(-4)). Let d be 0 + p - (-14 + 15). Determine k(d).
-1
Let f(v) = 40*v + 53. Let b(c) = 241*c + 340. Let o(g) = 2*b(g) - 13*f(g). Determine o(-2).
67
Let p = -34 - -27. Let z = 20 + p. Suppose -9*m + z + 14 = 0. Let d(q) = -q**2 + q + 4. Give d(m).
-2
Let q(g) = 13*g - 96. Let k = -2281 - -2289. What is q(k)?
8
Let z = 1909 - 1342. Let t = z + -569. Let p(l) = 3*l**2 + 4*l + 3. Calculate p(t).
7
Let i = -35252 - -35269. Let y(a) = a**2 - 13*a - 24. Give y(i).
44
Let o(i) = i**3 + i**2 - 6*i - 10. Suppose -156*g = 4*c - 158*g + 4